 by 19?
14
What is the remainder when 1082 is divided by 534?
14
Calculate the remainder when 43 is divided by 12.
7
Calculate the remainder when 57 is divided by 9.
3
Calculate the remainder when 445 is divided by 18.
13
Calculate the remainder when 10677 is divided by 20.
17
What is the remainder when 782 is divided by 28?
26
Calculate the remainder when 12 is divided by 4.
0
Calculate the remainder when 620 is divided by 24.
20
What is the remainder when 86 is divided by 36?
14
What is the remainder when 417 is divided by 46?
3
What is the remainder when 2767 is divided by 96?
79
Calculate the remainder when 78 is divided by 43.
35
What is the remainder when 645 is divided by 130?
125
What is the remainder when 190 is divided by 25?
15
What is the remainder when 498 is divided by 8?
2
What is the remainder when 63 is divided by 12?
3
Calculate the remainder when 278 is divided by 56.
54
Calculate the remainder when 961 is divided by 480.
1
What is the remainder when 26852 is divided by 18?
14
What is the remainder when 9266 is divided by 23?
20
What is the remainder when 311 is divided by 13?
12
Calculate the remainder when 1328 is divided by 149.
136
Calculate the remainder when 703 is divided by 347.
9
Calculate the remainder when 1049 is divided by 14.
13
What is the remainder when 840 is divided by 47?
41
Calculate the remainder when 173 is divided by 22.
19
What is the remainder when 215 is divided by 142?
73
Calculate the remainder when 231 is divided by 9.
6
What is the remainder when 805 is divided by 19?
7
Calculate the remainder when 7665 is divided by 1095.
0
Calculate the remainder when 326 is divided by 67.
58
What is the remainder when 14648 is divided by 57?
56
Calculate the remainder when 1164 is divided by 379.
27
Calculate the remainder when 1296 is divided by 1293.
3
What is the remainder when 2731 is divided by 23?
17
What is the remainder when 5229 is divided by 2597?
35
Calculate the remainder when 6927 is divided by 105.
102
Calculate the remainder when 1940 is divided by 33.
26
Calculate the remainder when 1882 is divided by 17.
12
What is the remainder when 138 is divided by 12?
6
Calculate the remainder when 300 is divided by 8.
4
Calculate the remainder when 6094 is divided by 40.
14
What is the remainder when 248 is divided by 36?
32
Calculate the remainder when 273 is divided by 11.
9
What is the remainder when 699 is divided by 35?
34
Calculate the remainder when 282 is divided by 164.
118
Calculate the remainder when 262 is divided by 44.
42
Calculate the remainder when 54 is divided by 7.
5
What is the remainder when 538 is divided by 36?
34
Calculate the remainder when 777 is divided by 16.
9
What is the remainder when 37 is divided by 21?
16
What is the remainder when 18 is divided by 5?
3
Calculate the remainder when 288 is divided by 1.
0
What is the remainder when 290 is divided by 40?
10
What is the remainder when 67 is divided by 34?
33
What is the remainder when 261 is divided by 24?
21
Calculate the remainder when 51 is divided by 12.
3
What is the remainder when 89 is divided by 71?
18
Calculate the remainder when 461 is divided by 29.
26
Calculate the remainder when 440 is divided by 100.
40
Calculate the remainder when 114 is divided by 13.
10
Calculate the remainder when 822 is divided by 264.
30
Calculate the remainder when 5086 is divided by 96.
94
What is the remainder when 58 is divided by 29?
0
Calculate the remainder when 368 is divided by 123.
122
Calculate the remainder when 165 is divided by 22.
11
What is the remainder when 236 is divided by 60?
56
Calculate the remainder when 14134 is divided by 57.
55
Calculate the remainder when 405 is divided by 202.
1
What is the remainder when 1535 is divided by 302?
25
Calculate the remainder when 567 is divided by 57.
54
Calculate the remainder when 61 is divided by 56.
5
What is the remainder when 3723 is divided by 27?
24
What is the remainder when 1516 is divided by 379?
0
What is the remainder when 1295 is divided by 638?
19
Calculate the remainder when 591 is divided by 8.
7
What is the remainder when 52 is divided by 30?
22
Calculate the remainder when 8005 is divided by 14.
11
What is the remainder when 1379 is divided by 1376?
3
What is the remainder when 918 is divided by 115?
113
Calculate the remainder when 1679 is divided by 17.
13
Calculate the remainder when 4732 is divided by 237.
229
What is the remainder when 3806 is divided by 180?
26
Calculate the remainder when 69 is divided by 15.
9
What is the remainder when 1179 is divided by 12?
3
What is the remainder when 175 is divided by 89?
86
What is the remainder when 1718 is divided by 423?
26
Calculate the remainder when 3341 is divided by 198.
173
Calculate the remainder when 636 is divided by 160.
156
Calculate the remainder when 659 is divided by 12.
11
What is the remainder when 64 is divided by 30?
4
Calculate the remainder when 181 is divided by 107.
74
Calculate the remainder when 366 is divided by 81.
42
What is the remainder when 412 is divided by 18?
16
What is the remainder when 83 is divided by 46?
37
What is the remainder when 76 is divided by 39?
37
Calculate the remainder when 43 is divided by 8.
3
Calculate the remainder when 294 is divided by 94.
12
What is the remainder when 181 is divided by 33?
16
What is the remainder when 285 is divided by 97?
91
What is the remainder when 2237 is divided by 118?
113
What is the remainder when 50 is divided by 6?
2
Calculate the remainder when 1379 is divided by 78.
53
What is the remainder when 131 is divided by 14?
5
Calculate the remainder when 269 is divided by 29.
8
What is the remainder when 786 is divided by 31?
11
Calculate the remainder when 205 is divided by 104.
101
What is the remainder when 813 is divided by 786?
27
Calculate the remainder when 1469 is divided by 30.
29
What is the remainder when 711 is divided by 48?
39
What is the remainder when 6694 is divided by 103?
102
Calculate the remainder when 42 is divided by 11.
9
What is the remainder when 900 is divided by 53?
52
What is the remainder when 20 is divided by 6?
2
Calculate the remainder when 62 is divided by 7.
6
What is the remainder when 152 is divided by 22?
20
Calculate the remainder when 127 is divided by 62.
3
Calculate the remainder when 114 is divided by 14.
2
What is the remainder when 136 is divided by 23?
21
Calculate the remainder when 674 is divided by 15.
14
Calculate the remainder when 3536 is divided by 12.
8
Calculate the remainder when 109 is divided by 58.
51
What is the remainder when 2273 is divided by 114?
107
Calculate the remainder when 1045 is divided by 42.
37
What is the remainder when 134 is divided by 4?
2
Calculate the remainder when 830 is divided by 186.
86
Calculate the remainder when 124 is divided by 18.
16
Calculate the remainder when 4590 is divided by 1529.
3
Calculate the remainder when 1339 is divided by 190.
9
Calculate the remainder when 6657 is divided by 18.
15
What is the remainder when 27 is divided by 15?
12
What is the remainder when 318 is divided by 244?
74
Calculate the remainder when 88 is divided by 69.
19
What is the remainder when 308 is divided by 293?
15
What is the remainder when 361 is divided by 121?
119
Calculate the remainder when 92 is divided by 58.
34
Calculate the remainder when 740 is divided by 373.
367
What is the remainder when 157 is divided by 34?
21
Calculate the remainder when 346 is divided by 27.
22
Calculate the remainder when 612 is divided by 28.
24
Calculate the remainder when 614 is divided by 106.
84
What is the remainder when 27 is divided by 4?
3
Calculate the remainder when 46 is divided by 16.
14
Calculate the remainder when 50 is divided by 20.
10
What is the remainder when 190 is divided by 65?
60
What is the remainder when 196 is divided by 93?
10
Calculate the remainder when 190 is divided by 53.
31
What is the remainder when 1495 is divided by 34?
33
What is the remainder when 330 is divided by 61?
25
What is the remainder when 1080 is divided by 123?
96
Calculate the remainder when 242 is divided by 75.
17
What is the remainder when 649 is divided by 61?
39
What is the remainder when 269 is divided by 97?
75
What is the remainder when 796 is divided by 12